 + 1). Is u(m) prime?
False
Suppose 0*g + 2*b = -3*g + 14, -10 = 2*b. Suppose 3*d = -d + g, 48 = 2*f - d. Is f a prime number?
False
Let w(g) = 71*g. Let m be w(4). Suppose -m + 22 = -2*x. Is x a composite number?
False
Let p(s) = 2*s**3 - 10*s**2 - 5*s - 16. Is p(9) prime?
True
Let f(h) = 195*h - 22. Is f(9) composite?
False
Suppose 0 = -j + 3 - 4. Is j + 1 - 257/(-1) prime?
True
Is 114 - (-16)/(1 - -3) a composite number?
True
Let l(v) = 70*v**2 - 4*v + 7. Is l(4) composite?
True
Suppose -8*g - c = -3*g + 3, -5*g + 2*c = -6. Suppose -4*l + 265 + 31 = g. Suppose -2*m + 0*m = -l. Is m a composite number?
False
Suppose 0 = l - 4 + 1. Suppose 0 = -4*k + 2*k - l*t + 124, 3*t = -4*k + 242. Is k a composite number?
False
Suppose 0 = -5*n + l - 3*l - 292, -4*n + 5*l - 260 = 0. Let y = n + 219. Is y a composite number?
True
Let j be (-4)/16 + (-26)/(-8). Suppose 2*u + 3 = -0*u - j*p, 0 = 3*u + 3*p - 3. Is ((-3)/(-2))/(u/188) prime?
True
Suppose -y - 5*l = -97, 3*y - l = 366 + 5. Suppose g - 24 = 2*f, 0*g - 3*g - 4*f = -y. Is g prime?
False
Let v = -1 - 8. Is (-2)/4*1242/v prime?
False
Let u = 178 - 105. Let c(m) = -18*m + 4. Let a be c(3). Let l = a + u. Is l prime?
True
Suppose -6*w = -2*w - 36. Is -6 + w + 14/2 a composite number?
True
Suppose 3*d = -2*d + 40. Let f(g) = g**3 - 9*g**2 + 10*g + 10. Is f(d) a composite number?
True
Let z(j) = j + 44. Suppose -x = x. Let v be z(x). Suppose 2*m - v = -2*m. Is m a composite number?
False
Let s(v) = -11*v**2 + 7*v + 11. Let l(w) = -4*w**2 + 2*w + 4. Let b(f) = -8*l(f) + 3*s(f). Let z(p) = -p + 12. Let o be z(9). Is b(o) composite?
False
Let u(k) = k**3 - 4. Let y be (-2 - (-20 - -2))*1. Suppose -5*q = i - 0*i - y, 0 = 5*q - i - 14. Is u(q) prime?
True
Let n be (-21)/(-9) + 4/6. Suppose l - 118 = -2*z - n*l, -l + 152 = 3*z. Is z a prime number?
False
Let q(c) be the third derivative of 3*c**4/2 - c**3/6 + c**2. Let i(u) = u**3 - 12*u**2 + 9*u + 23. Let m be i(11). Is q(m) composite?
True
Let c(n) = n**3 + 7*n**2 + 3. Let s be c(-7). Suppose -30 = 2*m + 3*m + a, -s*a = 0. Let w(i) = i**2 + 7*i + 9. Is w(m) a prime number?
True
Suppose 0 = 3*b - 5*p + 14, -4*p + 12 = -4*b + p. Suppose b*j + 1 = 3*v, -3*v - 3*j = -4*j - 5. Suppose 2*r - 3*i + 260 = 7*r, -v*r - 2*i = -157. Is r prime?
False
Let l(p) be the third derivative of -2*p**4/3 + p**3/2 + 3*p**2. Is l(-4) a prime number?
True
Suppose -4*d - n + 224 = -3*n, 5*n = -3*d + 181. Is d a composite number?
True
Let h(k) = k**3 + 10*k**2 + 10*k. Is h(-7) composite?
True
Let z = -1040 - -1603. Is z a prime number?
True
Let h be ((-24)/18)/(2/(-3)). Suppose 0 = x + h*x - 357. Is x composite?
True
Suppose -4*b + 5*i = -28, -b + 2*i + 22 = -3*i. Let w(d) = d - 3*d**3 + d**3 + 8*d**b + d**3 - 5*d. Is w(5) a composite number?
True
Is (62 - -3) + 2 - 0 a composite number?
False
Suppose 2*t - 3*s = 394 + 430, -2*s - 2049 = -5*t. Is t composite?
False
Let x be 2/5 + 558/5. Is -1 + x + (0 - -2) a prime number?
True
Is (-2)/(9/(11358/(-4))) a composite number?
False
Is (-15)/10 + (-1802)/(-4) prime?
True
Suppose 2*x - 1260 = 2*m, 4*x = -2*m + 2216 + 334. Is x a composite number?
True
Let x = -291 - -526. Is x prime?
False
Suppose 1 - 387 = -2*q. Suppose -5*c + q = -262. Is c a composite number?
True
Suppose -4 = -3*v + 2, a + 2*v + 320 = 0. Let q = a - -231. Is -1*(q - 2 - 0) a prime number?
False
Suppose 21*s = 24*s - 63. Is s a composite number?
True
Let k(d) = 2*d**2 - 3*d + 1. Let f be k(4). Let r be (-6)/21 + 762/f. Is (r/8)/((-2)/(-4)) a composite number?
True
Let s(p) be the third derivative of p**5/60 + p**4/12 - 5*p**3/6 - p**2. Let z be s(-4). Suppose 2*t + 2*i - i - 195 = 0, 5*t - z*i = 482. Is t composite?
False
Is ((-7966)/(-21))/(1/3) prime?
False
Suppose 29 = 2*b - 35. Suppose b = -2*l + 126. Suppose -3*k = -2*k - l. Is k composite?
False
Let u(m) = 4*m**2 + 4*m - 1. Is u(10) composite?
False
Let j(l) = 2*l**2 + 4*l + 5. Is j(-6) composite?
False
Let i(b) = -b - 2. Let n be i(-4). Suppose 0 = n*g + g - 447. Is g prime?
True
Suppose 2*x - 5*x + 650 = 2*l, -x + 212 = 3*l. Is x prime?
False
Suppose 0 = -8*s + 4*s + 52. Is -1 - -534 - (9 - s) a prime number?
False
Let b(r) = -148*r**3 + r**2 - 6*r - 7. Is b(-2) a composite number?
False
Let b(g) = g**3 + 8*g**2 - g - 5. Let w be b(-8). Let d = w - -3. Is 1*-2*(-21)/d composite?
False
Suppose -448 - 340 = -2*r. Is r a prime number?
False
Is (-10)/(-45) + 7513/9 a composite number?
True
Let a = -63 - -116. Is a a prime number?
True
Suppose -4*l - 2*l = -1302. Is l a prime number?
False
Let i = -1016 - -1603. Is i a prime number?
True
Let d be 2/((-9)/(1395/(-10))). Suppose 3*w = -0*w - 36. Let q = w + d. Is q composite?
False
Let t(j) = 29*j**2 + j + 1. Let m be (3/(-6))/((-2)/(-8)). Is t(m) composite?
True
Suppose 0 = 2*b + 3 - 13. Let o(w) = w + 5*w + 4 + 1. Is o(b) prime?
False
Suppose -2*d = -7*d + f - 97, 3*d + 63 = -f. Let z = 15 - d. Is z composite?
True
Let u = -91 - -176. Is u composite?
True
Suppose 36 = -2*p + 542. Is p a composite number?
True
Suppose -z + 0*z + 168 = -d, -162 = -z - 2*d. Is z prime?
False
Suppose 3*r = -f + 442, 0 = r + 2*f - 135 - 4. Is r a composite number?
False
Suppose 6 = -3*v, 2*m + v = -2*v + 66. Let p(z) = z**3 + 2*z**2 - 4*z. Let g be p(-3). Suppose -4*t + 2*w = -74, t + m = g*t - 2*w. Is t prime?
True
Suppose 0 = 4*p - p - 12. Suppose -p*c - c = -2035. Is c composite?
True
Suppose 0 = -5*h + 3*h + 4*d + 448, 4*h + d = 851. Is h prime?
False
Let p(b) = 66*b**3 - 2*b**2 - 2*b - 1. Is p(3) a composite number?
True
Suppose 9*u = 3*u + 6066. Is u a prime number?
False
Suppose 9461 = 3*j + 2*i, 0 = -6*i + 10*i + 8. Is j prime?
False
Let x(g) be the first derivative of -2*g**2 - g + 3. Let n(h) = 2*h. Let s(v) = -5*n(v) - 3*x(v). Is s(8) a composite number?
False
Suppose 0 = -g - 2 - 2. Let c(f) = -2*f - 17. Let w be c(9). Is (-655)/w + g/(-14) a composite number?
False
Suppose 0*h - 4*h + 900 = -4*o, 940 = -4*o - 4*h. Is (o/(-8))/(2/8) composite?
True
Suppose -t = 3*n - 449, 0 = -n + 5*n - t - 594. Is n prime?
True
Let o(g) = -11*g + 1. Let q(r) = -17*r + 2. Let n(c) = -8*o(c) + 5*q(c). Is n(11) a composite number?
True
Suppose 4*v - 2 = 3*v. Suppose -v - 5 = -f. Is f prime?
True
Suppose -4 - 8 = -3*q. Suppose o = -3*p + q, -16 = 3*o - 7*o. Suppose p = x - 2*u - 26 - 10, -3*u - 15 = 0. Is x a prime number?
False
Suppose 2*c + 4*n = 132, -4*c - 4*n + 68 = -3*c. Let t = c - 27. Let v = 62 - t. Is v a composite number?
True
Let g(y) = -y**3 - 3*y**2 + 6*y + 3. Let q be g(-5). Is q*1 - (-3 + 4) a composite number?
True
Suppose -x = 3*x + 12, 2*x = -q - 2. Let t(p) = 3*p**3 - 3*p**2 - 3*p - 5. Is t(q) composite?
False
Let u(y) = y**3 + y**2 + 165. Let d be u(0). Suppose d = 4*v - 23. Is v prime?
True
Suppose m + 0 = 6. Is (-9)/6 + 1275/m composite?
False
Suppose -4*w - 3*j + 889 = 0, 0 = -w - 3*w + 3*j + 895. Is w a prime number?
True
Let g(t) be the third derivative of t**6/120 + t**5/30 - t**4/6 - t**3/6 - 2*t**2. Let q be g(-3). Suppose 26 = 4*c - q*c. Is c a composite number?
False
Suppose 5*j - 5*n = -125 - 255, -25 = -5*n. Let g = -2 - j. Is g a composite number?
True
Suppose -2*n + 963 = -2*r + 3*r, -2*n + 3828 = 4*r. Is r composite?
True
Suppose -644 = 5*f + 186. Let a = f - -329. Is a prime?
True
Suppose -3*j - 4 = j. Let w = j - 9. Is (-3)/5 - 76/w prime?
True
Let c = 21 - 15. Let v = 9 - c. Suppose 16 = m + a - 11, -a + 79 = v*m. Is m a composite number?
True
Let m = 1 - -1. Let y be (1 - 1 - -6)/m. Suppose -3*l - y*n = -108, l + 2*l - n - 112 = 0. Is l prime?
True
Let j = -7 - -12. Suppose -j*s = -3*i - 134, -s - 3*i = i - 13. Is s a composite number?
True
Let i(y) = -y + 1541. Is i(0) a prime number?
False
Let o(p) = -3*p**2 + 2*p - 5. Let u(g) = 5*g**2 - 3*g + 8. Let i(f) = 8*o(f) + 5*u(f). Let k be i(-1). Is k - (0 - 0 - 59) prime?
True
Let h(c) = -c**3 + 3*c**2 - c + 3. Let y be h(3). Suppose -4*r + 9*r - 65 = y. Let b = 10 + r. Is b composite?
False
Let o = -47 + 32. Let h = -2 - o. Suppose -v + 2*v = h. Is v composite?
False
Suppose 3*v - 6*v = -24. Let b = v - 6. Suppose 222 = b*c + 2*i, -3*c = 5*i - 50 - 287. Is c a composite number?
False
Let z(p) = p**3 - p**2 + 5. Let k be z(0). Let s(l) = 7*l**2 - 3*l - 1. Let g be s(8). Suppose 5*v - 182 = 3*v - 2*u, 3*u